0. Let x be 0 - (-1)/(1/15). What is the greatest common factor of x and k?
5
Let c(p) = 3*p - 1. Let v be c(-5). Let q(y) = -y**2 - 26*y - 91. Let o be q(-6). Let a = o + v. Calculate the greatest common factor of a and 247.
13
Suppose 5305 = 55*g - 7070. What is the highest common divisor of 3015 and g?
45
Suppose -734676 = -120*x + 1130252 - 348248. What is the highest common factor of x and 33?
33
Let x be -25*(479/(-45) - 80/(-180)). Calculate the greatest common factor of x and 195.
15
Let b be 50/(-3)*(7 + (-328)/40). Suppose b*m + 7*m = 2646. Calculate the highest common factor of m and 210.
14
Let m(y) be the second derivative of 17/2*y**2 + 17/6*y**3 - 9*y + 1/12*y**4 + 0. Let z be m(-17). What is the greatest common divisor of z and 34?
17
Let t(f) = 79*f**2 + 13*f + 12. Let b be t(-4). Suppose -4*a + 2*a = 3*o - 911, -2*a = -4*o + b. What is the highest common factor of 122 and o?
61
Let b(i) = 51*i + 2221. Let k be b(-43). Calculate the highest common factor of 1610 and k.
14
Let q(p) = -p + 7. Let z be q(6). Let u be 2/(-2) - -47*z. Suppose 18663*y - 44965 = 18272*y. Calculate the highest common factor of u and y.
23
Let m(h) = h**2 - 3*h - 6. Let g be m(5). Let y be 430/g*(-12)/(-15). Calculate the greatest common divisor of 86 and y.
86
Suppose 31023 = 65*c + 5*c - 45137. What is the highest common factor of 4692 and c?
68
Suppose 80*g = 78*g + 36. Let i = 29 + -24. Suppose 5*r + i*a = 2*a + 124, -4*a = r - g. Calculate the greatest common factor of r and 234.
26
Let i(m) = 9*m. Let p = 32 + -34. Let j be i(p). Let x be (-258)/(-9) + (-24)/j. Calculate the highest common divisor of 75 and x.
15
Let m = -980 + 1398. Let t(j) = 4*j - 8 + j**2 + 1 + 0*j. Let r be t(5). Calculate the greatest common divisor of r and m.
38
Let u(l) = 11*l**2 + 9 - 2*l**3 - 27*l - 15 + 3*l**3. Let v be u(-13). Suppose -r - 2*f = -29, -4*f - v = 1. What is the highest common factor of 66 and r?
33
Suppose -3*l - 2*z = -8 + 139, 3*l - z + 119 = 0. Let w = -16 - -65. Let j = w + l. What is the highest common divisor of j and 20?
4
Let w be (-50)/(((-7)/(-98))/((-5)/2)). Calculate the highest common factor of w and 14.
14
Let x = 48 + -39. Suppose -x = -4*b + v, 3*b + v + 22 = -4*v. Suppose p + 1 + b = 0, -h + 236 = 3*p. What is the highest common divisor of 22 and h?
22
Let f = 1 - -1. Let g be 3 + 105/10 - f/4. Suppose -21 = 6*d - g*d. Calculate the highest common divisor of 21 and d.
3
Suppose 242 = -25*y + 27*y - 2*f, 0 = 3*y - 4*f - 358. Let x be (3 + (2 - 4))*14. What is the highest common factor of x and y?
14
Suppose -4*k = -11*f + 3677 + 3792, -4*f - 4*k + 2716 = 0. What is the greatest common divisor of f and 3?
1
Let o = 8801 + -8790. Let y be (4/(-6))/(6/(-99)). Let v(h) = h**3 - 10*h**2 - 11*h + 1. Let l be v(y). What is the greatest common divisor of o and l?
1
Suppose -148 = -l - 5*q, 4*l + 23*q = 18*q + 682. Calculate the greatest common divisor of 4 and l.
2
Let c = -97 - -99. Suppose 2*q = 16 - 8, -3*q = -5*u - c. What is the highest common divisor of 90 and u?
2
Suppose 0 = -y - 28 + 40. Let i(z) = -3*z**3 - z + 4. Let a be i(2). Let n = a + 37. Calculate the highest common factor of y and n.
3
Let p = 15395 - 15265. Calculate the highest common divisor of 4745 and p.
65
Let b = 3316 - 2470. Calculate the greatest common factor of 470 and b.
94
Let s = 30 + -4. Suppose 0 = -8*w + 2953 - 769. What is the highest common factor of w and s?
13
Let b = 88 - 304. Let m = 241 + b. What is the highest common factor of m and 25?
25
Suppose 3*f + 19 = 2*l + 153, 2*f - 3*l - 76 = 0. Calculate the highest common factor of 3425 and f.
25
Suppose 40*q + 617 - 12017 = 0. What is the greatest common divisor of q and 1368?
57
Suppose 0 = 5*x - 0*x - 6*x. Suppose -n + 208 + 332 = x. Calculate the highest common divisor of 54 and n.
54
Let w be -6 + -1 + 879 + -384. What is the highest common divisor of w and 549?
61
Let z be ((-34380)/26)/(-15) - ((-6)/13)/(-3). What is the greatest common factor of 22 and z?
22
Let s be ((-39)/4)/((-22)/(-80) + 8/(-20)). Calculate the greatest common divisor of 63 and s.
3
Let q be (8/(-5))/(4/(-10)). Suppose -5*p = -y + 11, 0 = -3*y - q*p + 4 + 10. Suppose 3*x - y*x = -18. What is the highest common divisor of 9 and x?
3
Let a = 2660 + -2527. What is the highest common factor of a and 893?
19
Suppose 3*w + 5*q = 97 + 50, 2*w + 2*q - 94 = 0. Calculate the highest common factor of 32 and w.
4
Suppose -126*i + 3744 = 54*i - 7956. Suppose -5*f + 3*m - 11 = -66, 0 = -5*m. Let w = -6 + f. What is the greatest common divisor of i and w?
5
Suppose -3*g - 4*s = -59738, 0 = -2*g + 3*s + 20753 + 19112. Calculate the highest common divisor of g and 14.
14
Let i be (-1198)/((-14)/(-4) + -4). Suppose 14*r = 19*r - 5, -5*x + i = -4*r. Calculate the highest common factor of 20 and x.
20
Let b(r) = -10*r + 4. Let i be b(-8). Let c = 404 - i. What is the greatest common factor of 8 and c?
8
Let b be -204*((-70)/(-30) + -15). Calculate the highest common divisor of 532 and b.
76
Let p be 24*(6 - 4) - 1*-1. Let n be (-38640)/(-2730) - 2*2/26. What is the greatest common factor of n and p?
7
Let p(a) = -23 + 28 - 11*a + 95. Let k be p(7). Suppose 2*o = -3*o + 345. Calculate the highest common factor of o and k.
23
Let p(v) = 26*v**3 - 2*v**2 + 4*v + 2. Let s be p(2). Suppose 178*l + s = 185*l. Calculate the greatest common divisor of 90 and l.
30
Suppose -120*s = -126*s + 133 - 13. Let k = -21 + 15. Let v be (-9 + k)*10/(-3). What is the greatest common divisor of s and v?
10
Let m(i) = 4*i + 114. Let x be m(24). Let w = x + -182. Calculate the greatest common factor of w and 238.
14
Suppose -606*w - 2070 = -624*w. Calculate the greatest common factor of 253 and w.
23
Suppose v + 22 = -b + 4*b, -33 = -2*b - 3*v. Let a be (9/6)/(48/64). Suppose -54 = -f + a*u - u, 2*u = 0. What is the greatest common divisor of b and f?
9
Suppose 0*c - 67 = -h + 4*c, 215 = 3*h + 2*c. Suppose 0 = 1634*t - 1646*t + 4260. What is the greatest common factor of t and h?
71
Let m = -4 + 12. Suppose 3*g = -5*n + 414, -m*n + 78 = -7*n + 3*g. Calculate the greatest common factor of 108 and n.
12
Suppose -4 - 8 = -3*j. Let y = 26 - 3. Suppose 3*w - 2*p - 68 = 0, -1 = -w + p + y. What is the highest common factor of w and j?
4
Let w(l) = 16*l + 146. Let b(f) = 114*f + 904. Let k be b(-8). Let t be w(k). Let a be 12/((-1)/((-18)/4)). Calculate the greatest common factor of t and a.
18
Let z(y) = 78*y - 10. Let a = 171 - 168. Let u be z(a). Calculate the highest common factor of 16 and u.
16
Let k be (-22)/(-1 - (0 + 1)). Let q = 523 + -336. Calculate the greatest common factor of k and q.
11
Let v = 2 + -8. Let s(r) be the third derivative of -r**4/6 + 5*r**3/2 - 110*r**2 + 5*r. Let q be s(v). What is the highest common factor of q and 39?
39
Suppose 9*w - 646 = -15*w + 5*w. What is the highest common factor of 1394 and w?
34
Let p be 0/1 + 5 + -6. Let v(n) = 13*n**2 + 2*n + 4. Let k be v(p). Let b be (-2)/4*(-32 + 2). What is the highest common factor of b and k?
15
Suppose -m - 57 = -4*r, 7*r = 2*r + 5*m + 90. Let v be (-2)/6*-177 + -3 + 0. Suppose -a = 30 - v. What is the highest common divisor of a and r?
13
Let h = -5366 - -5408. What is the highest common factor of h and 672?
42
Let a = 187732 - 187193. Let f(o) = o**3 - o**2 + o + 1. Let y be f(2). What is the highest common divisor of y and a?
7
Suppose -13*n - 1105 = -0*n. Let x = 95 + n. Let f be ((-9)/5*-1)/(2/x). Calculate the greatest common divisor of 189 and f.
9
Suppose 0 = 247*g - 258*g + 220. Let n(f) = -222*f - 2. Let m be n(-1). What is the highest common factor of g and m?
20
Suppose 0 = 5*x - i - 20674, -x + 4146 = -15*i + 12*i. Calculate the highest common factor of 234 and x.
78
Let b be 3*96/(-36) + 238. Let d(x) = -7*x - 12. Let r be d(-5). What is the highest common divisor of b and r?
23
Suppose 2*r - 140 = 2*v, -12*r = -7*r + 4*v - 359. Suppose r = 2*f + 7. Suppose j + 6 = 4*j. What is the greatest common factor of j and f?
2
Suppose 66 + 62 = 9*c + 2. Suppose 0*i + 1475 = 5*i. Suppose -5*g + 359 = -3*a, 6*g = 2*g + 5*a + i. Calculate the highest common factor of g and c.
14
Suppose 2980 = -0*g - 10*g. Let u = g + 398. Calculate the highest common factor of u and 20.
20
Let h be (-81)